05 and 5.
5
Calculate the greatest common factor of 8 and 24088.
8
Calculate the greatest common factor of 45 and 2205.
45
What is the highest common factor of 27 and 459?
27
Calculate the highest common divisor of 1014 and 12.
6
Calculate the highest common factor of 99 and 44.
11
What is the highest common divisor of 846 and 54?
18
What is the greatest common divisor of 205 and 4?
1
Calculate the greatest common divisor of 270 and 10.
10
Calculate the greatest common divisor of 36 and 204.
12
What is the highest common factor of 75 and 15?
15
What is the highest common factor of 808 and 8?
8
Calculate the highest common divisor of 2223 and 399.
57
Calculate the greatest common factor of 112 and 175.
7
Calculate the greatest common factor of 3 and 22.
1
What is the greatest common divisor of 315 and 225?
45
Calculate the highest common divisor of 20203 and 227.
227
Calculate the highest common factor of 23 and 23.
23
Calculate the greatest common divisor of 738 and 18.
18
Calculate the greatest common divisor of 658 and 470.
94
What is the greatest common divisor of 22 and 12?
2
What is the highest common divisor of 215 and 4773?
43
Calculate the greatest common divisor of 289 and 1122.
17
What is the greatest common divisor of 12 and 150?
6
Calculate the greatest common factor of 50 and 1850.
50
What is the highest common factor of 180 and 7515?
45
What is the highest common divisor of 1 and 18?
1
What is the highest common factor of 26 and 26?
26
What is the highest common divisor of 178 and 28480?
178
Calculate the highest common factor of 432 and 342.
18
Calculate the highest common factor of 418 and 114.
38
Calculate the highest common factor of 15 and 11355.
15
What is the highest common divisor of 620 and 600?
20
Calculate the greatest common factor of 826 and 42.
14
What is the highest common factor of 11 and 1067?
11
Calculate the greatest common divisor of 1333 and 124.
31
Calculate the highest common factor of 14 and 8.
2
What is the highest common factor of 665 and 95?
95
Calculate the greatest common divisor of 123 and 2091.
123
What is the greatest common factor of 170 and 425?
85
What is the highest common factor of 240 and 12?
12
Calculate the greatest common divisor of 340 and 28.
4
What is the greatest common factor of 24 and 516?
12
Calculate the highest common divisor of 1278 and 18.
18
Calculate the highest common factor of 128 and 48.
16
What is the highest common divisor of 10 and 38?
2
Calculate the highest common divisor of 232 and 128.
8
What is the greatest common divisor of 3870 and 946?
86
Calculate the highest common divisor of 153 and 4301.
17
What is the highest common factor of 152 and 7372?
76
What is the greatest common factor of 13 and 1261?
13
Calculate the greatest common factor of 14 and 707.
7
Calculate the greatest common divisor of 42 and 14756.
14
What is the greatest common factor of 726 and 132?
66
What is the highest common factor of 52 and 3068?
52
What is the highest common divisor of 957 and 55?
11
Calculate the greatest common factor of 10145 and 5.
5
What is the highest common factor of 198 and 44?
22
What is the greatest common divisor of 51 and 187?
17
What is the greatest common factor of 6024 and 48?
24
What is the highest common factor of 22 and 154?
22
Calculate the highest common divisor of 18 and 222.
6
What is the highest common divisor of 66 and 33?
33
What is the highest common factor of 1089 and 18?
9
Calculate the greatest common factor of 324 and 81.
81
What is the highest common divisor of 26 and 442?
26
Calculate the highest common factor of 153 and 493.
17
What is the greatest common divisor of 10500 and 84?
84
What is the highest common factor of 102 and 170?
34
What is the greatest common divisor of 91 and 679?
7
What is the highest common factor of 15484 and 168?
28
Calculate the highest common factor of 402 and 25125.
201
Calculate the highest common factor of 19 and 133.
19
What is the highest common divisor of 38 and 551?
19
Calculate the greatest common divisor of 192 and 528.
48
Calculate the greatest common factor of 2989 and 49.
49
What is the greatest common factor of 660 and 1056?
132
What is the greatest common factor of 25 and 55?
5
Calculate the greatest common factor of 3145 and 74.
37
Calculate the greatest common divisor of 3 and 339.
3
Calculate the greatest common factor of 280 and 1120.
280
Calculate the greatest common factor of 24 and 360.
24
Calculate the greatest common divisor of 26 and 2678.
26
What is the greatest common factor of 1015 and 667?
29
Calculate the highest common divisor of 856 and 3531.
107
Calculate the greatest common divisor of 28 and 826.
14
Calculate the highest common divisor of 22 and 10.
2
What is the highest common divisor of 15 and 6645?
15
Calculate the highest common factor of 680 and 833.
17
Calculate the greatest common factor of 885 and 15.
15
Calculate the greatest common divisor of 27 and 225.
9
What is the highest common divisor of 98 and 63?
7
What is the greatest common factor of 136 and 40?
8
Calculate the greatest common divisor of 464 and 52.
4
What is the greatest common divisor of 4890 and 15?
15
What is the greatest common factor of 10912 and 44?
44
Calculate the highest common factor of 3768 and 72.
24
What is the highest common factor of 741 and 57?
57
What is the highest common factor of 12 and 4062?
6
What is the greatest common factor of 16308 and 12?
12
Calculate the greatest common divisor of 104 and 130.
26
What is the highest common factor of 1370 and 80?
10
Calculate the highest common factor of 176 and 22.
22
Calculate the highest common factor of 238 and 56.
14
What is the greatest common divisor of 24 and 392?
8
Calculate the greatest common divisor of 684 and 8379.
171
What is the greatest common divisor of 216 and 15?
3
What is the greatest common divisor of 117 and 1143?
9
Calculate the highest common factor of 129 and 2193.
129
Calculate the greatest common divisor of 371 and 8639.
53
Calculate the greatest common factor of 3064 and 8.
8
What is the highest common factor of 1116 and 36?
36
Calculate the highest common factor of 12 and 56.
4
Calculate the highest common factor of 329 and 423.
47
Calculate the greatest common divisor of 15 and 105.
15
What is the highest common factor of 117 and 247?
13
Calculate the highest common divisor of 12 and 78.
6
Calculate the highest common factor of 455 and 1495.
65
Calculate the highest common divisor of 49 and 28.
7
Calculate the greatest common factor of 846 and 5029.
47
Calculate the greatest common factor of 321 and 856.
107
Calculate the highest common factor of 81 and 459.
27
What is the greatest common factor of 329 and 188?
47
Calculate the highest common divisor of 6992 and 1520.
304
Calculate the greatest common factor of 6 and 4.
2
Calculate the highest common factor of 604 and 151.
151
What is the greatest common factor of 159 and 3?
3
Calculate the highest common divisor of 72 and 282.
6
What is the highest common divisor of 7 and 4193?
7
What is the highest common divisor of 100 and 800?
100
Calculate the highest common factor of 15150 and 15.
15
Calculate the highest common divisor of 26 and 117.
13
What is the greatest common divisor of 11 and 1199?
11
Calculate the greatest common factor of 340 and 306.
34
Calculate the greatest common divisor of 112 and 96.
16
Calculate the greatest common divisor of 1554 and 1344.
42
Calculate the highest common factor of 111 and 3.
3
What is the highest common factor of 30 and 240?
30
Calculate the greatest common factor of 768 and 312.
24
What is the greatest common factor of 112 and 24388?
28
What is the highest common factor of 120 and 204?
12
Calculate the greatest common divisor of 416 and 1027.
13
Calculate the highest common divisor of 13685 and 230.
115
What is the greatest common divisor of 415 and 10?
5
Calculate the greatest common factor of 7356 and 12.
12
Calculate the highest common divisor of 4053 and 42.
21
What is the greatest common factor of 20 and 92?
4
What is the greatest common divisor of 84 and 364?
28
Calculate the highest common factor of 404 and 101.
101
Calculate the highest common divisor of 60 and 320.
20
Calculate the highest common divisor of 133 and 56.
7
Cal